-85*r = -86*r + 16. Suppose 3480 + 808 = r*d. List the prime factors of d.
2, 67
Suppose 3*g = 3*d + 2103, -g - 2*d = -829 + 131. List the prime factors of g.
2, 5, 7
Suppose 19*d = 22*d - 516. Suppose -5*p - n + 545 = 0, -2*p = 3*n - d - 33. What are the prime factors of p?
2, 5, 11
Suppose 3*q = 2*s - 1642 + 525, 1670 = 3*s + q. What are the prime factors of s?
557
Let f(k) = -1296*k**3 - 2*k - 1. What are the prime factors of f(-1)?
1297
Let a(u) = -u - 9. Let d be a(-13). Let l = -3 + d. Let r = l + 47. What are the prime factors of r?
2, 3
List the prime factors of (-3 + 294/(-24))*-4.
61
Suppose 4*p + 8*a = 6*a + 1668, -a = -p + 414. What are the prime factors of p?
2, 13
Let f be 1*-1 + (-119)/(-17). Let s be (32/f)/(1/(-3)). Let c = 3 - s. What are the prime factors of c?
19
Let b be (-2)/(3 - 12/3). Suppose 2*g + b*u = -3*g + 246, 3*g + u - 147 = 0. List the prime factors of g.
2, 3
Suppose 0 = -75*o + 63*o + 7524. List the prime factors of o.
3, 11, 19
Suppose 6*i - i = 2*j - 1383, 0 = 5*j + 3*i - 3473. What are the prime factors of j?
2, 347
Let c(p) = -28*p**3 - p**2 + 2*p + 1. Let a be c(-2). Let k = -11 + a. What are the prime factors of k?
2, 103
Let r(d) be the first derivative of 27*d**2 - 2*d - 11. Let u be r(-2). Let o = 166 + u. List the prime factors of o.
2, 7
What are the prime factors of 345*(-6)/((-120)/164)?
3, 23, 41
Suppose 4*g - 71 - 169 = 0. Let y = -38 + g. What are the prime factors of y?
2, 11
Let d(h) = 2*h**2 - 11*h + 8. Let s be d(5). Suppose s*a - 79 - 89 = 0. What are the prime factors of a?
2, 7
Let g be 6*-15*(-4)/18. Suppose z + 5*h + 20 = 0, 4*z + g = -2*h - 3*h. Let y = z + 22. What are the prime factors of y?
2, 11
Let x(k) be the third derivative of k**5/60 + 13*k**4/24 - 13*k**3/3 - 16*k**2. List the prime factors of x(-18).
2
Let n(i) = -i**3 + 5*i**2 + 10*i - 6. Let b = -55 + 61. List the prime factors of n(b).
2, 3
Suppose 0*o = -2*t - o + 20, 2*t - 2*o - 8 = 0. Let s be (-18)/10*(-200)/24. Let c = s - t. What are the prime factors of c?
7
Let t be -2*1/2 - -14. Suppose -s - 16 = 4*i - 0, -3*s - t = 5*i. Suppose 0 = -0*h - s*h + 88. What are the prime factors of h?
2, 11
Let q(m) = m**3 - m**2 - 2*m - 9. Let f be q(3). What are the prime factors of 16*7 - (6 - f)?
109
Suppose -9*w + 5*w + 10384 = 0. List the prime factors of w.
2, 11, 59
Let v(t) = t**3 + 6*t**2 - 5*t + 17. Let j be v(-7). What are the prime factors of 103/j + 4/(-12)?
2, 17
Suppose 0 = 2*v - 6*v + 16. Let b(j) = j**2 - 4. What are the prime factors of b(v)?
2, 3
Let l(v) = -20*v - 105. What are the prime factors of l(-24)?
3, 5
Let f be (-4 + -3)*(-6 - -3). Suppose -5 = 4*n - f. Suppose -4*l + 200 = n*y, 295 = 4*y + l + 89. List the prime factors of y.
2, 13
Let m = 23 - 11. Suppose -5*r + 9 = -b, -m = -2*r - 3*r - 2*b. Suppose -3*p + 171 = 4*x, p - r*x = -x + 64. List the prime factors of p.
61
Let x = -6 + 15. Let y be 7 - x - 156/(-2). Let u = 116 - y. List the prime factors of u.
2, 5
Let u(t) = 2*t**2 + 6*t - 18. Suppose 11*b - 4*b = -70. List the prime factors of u(b).
2, 61
What are the prime factors of -2 + (-2812)/(-7) - 14/(-49)?
2, 5
Suppose 145 = y + 3*y - 5*r, 5*y = r + 155. Let j be y/4*336/20. Let q = -77 + j. What are the prime factors of q?
7
Let b(q) = -q**2 + 22*q - 28. Suppose 58 + 86 = 9*l. What are the prime factors of b(l)?
2, 17
Let v(k) = -k + 106. Let w(m) = -m**3 + 4*m**2 - 4*m + 3. Let o be w(3). List the prime factors of v(o).
2, 53
Let b be -5 + 18/14 - 2/7. What are the prime factors of (b/(-6)*3 - -2) + 84?
2, 11
Let k = 13 + -9. Suppose -4*c - k = -4*m, -5*c + 5*m = -8*c + 37. Suppose w - 3*p - 6 = 0, 43 = c*w - 3*p + 10. What are the prime factors of w?
3
Let c(u) = 0*u**2 + 2*u + 12 - u**2 + 55 - 38*u. What are the prime factors of c(-34)?
3, 5
Let x be (-27)/(-12) + 2/(-8). Suppose -7*o = -31 - 53. Suppose x*y + o - 66 = 0. What are the prime factors of y?
3
Let n(f) = f**2 + 6*f + 12. Suppose -7*i + 4*i = -12. Suppose -20 = i*x - 0*x. List the prime factors of n(x).
7
Let j be (-9 - 4)*11*-1. Let z = j + -63. What are the prime factors of z?
2, 5
Suppose -2*g + 6*g - 672 = -5*m, 5*g - 4*m = 840. List the prime factors of g.
2, 3, 7
Suppose -j + 1 = -4. Let o(f) = f**2 - 10*f - 4. Let d be o(11). Let q = d - j. What are the prime factors of q?
2
Suppose 0 = -4*y + 709 + 635. Suppose -j = -5*j + y. Suppose -62 + 3 = -2*b + o, -3*b - 3*o + j = 0. What are the prime factors of b?
29
Let c be (99/22)/(1/(-4)). Let x = -14 - c. Suppose -k - x*k + 95 = 0. What are the prime factors of k?
19
Let n = -53 + 53. Suppose 3*d = 5*l + 2*d - 984, n = l + 5*d - 202. List the prime factors of l.
197
Suppose -89*j - 5912 = -93*j - 4*x, -3*j - 4*x + 4430 = 0. List the prime factors of j.
2, 3, 13, 19
Suppose -6*p = -16*p + 2140. List the prime factors of p.
2, 107
Let u(j) = j**3 + 7*j**2 + 2*j + 1. Let d be u(-6). Suppose 8*t = 3*t + d. Suppose 183 = t*c + 68. What are the prime factors of c?
23
Let c = 1185 + -442. What are the prime factors of c?
743
Suppose -2338 - 686 = -24*x. What are the prime factors of x?
2, 3, 7
Suppose -2*p + 4*q + 106 = 0, -5*p - 5*q + 132 = -148. Let m = p + 11. What are the prime factors of m?
2, 3, 11
Let p be (-5 - (-30)/5) + 0 + -4. What are the prime factors of (-95)/(-10) - p/(-6)?
3
Let v(w) = -89*w + 19. Let j be v(-11). Let r = j - 691. List the prime factors of r.
307
Let r(d) = -d**2 - d + 7. Let c be r(6). Let z = c + 64. What are the prime factors of z?
29
Let s be ((-2)/6)/(10/30). Let v be (s - -9) + 1 + -1. Suppose 3 = v*r - 29. What are the prime factors of r?
2
Let x(i) = i**3 + 3*i**2 + i - 4. Let p be x(0). Let r(m) = -21*m + 26. What are the prime factors of r(p)?
2, 5, 11
Suppose 4*c + 8 = -0*z + 4*z, -4*z = -2*c - 4. Suppose 0 = 4*a - 4*i + 72, 5*a + 2*i + 12 + 64 = z. What are the prime factors of (24/(-8))/(3/a)?
2
Let l = -20 - -25. Let k = l - 15. Let u = 7 - k. List the prime factors of u.
17
Let m = -28 - -88. Let z = m - -152. What are the prime factors of z?
2, 53
Suppose 2*k + 3*u - 662 = 0, 2*k + 967 = 5*k - 2*u. What are the prime factors of k?
5, 13
Let z = -80 + 143. List the prime factors of (-18)/z + 1024/(-14)*-2.
2, 73
List the prime factors of 363/9 - (-1 + 24/18).
2, 5
Suppose 0 = -b + 2*b - 3, 4*l - 3*b + 453 = 0. Let r be 3/5 + l/(-15). Suppose 2 = -2*o - w + 9, -2*o - 2*w = -r. List the prime factors of o.
3
Suppose 13*n - 500 = 4908. What are the prime factors of n?
2, 13
Let y(v) = 2*v**2 - 22*v - 30. Let h be y(13). Let r = -1 - -3. Suppose -w + r = -h. What are the prime factors of w?
2, 3
Let j(f) = 7*f + 3. Let x be j(3). Suppose x = -5*v + v. What are the prime factors of ((-80)/(-12))/((-4)/v)?
2, 5
Suppose -323 = 2*d + 195. Let r = d - -391. What are the prime factors of r?
2, 3, 11
Suppose -11*c + 10*c + 139 = 0. Let v = 306 - c. What are the prime factors of v?
167
Let l be 2 + 4/(0 - -2). Let v = 147 + -105. Suppose v = 2*p + 3*s, 2*s = -l*p - 2*s + 80. List the prime factors of p.
2, 3
Let h(z) = -11*z - 30. Let g = 40 - 51. What are the prime factors of h(g)?
7, 13
What are the prime factors of 1/(18/27*1/386)?
3, 193
Let t(c) = -15*c - 11. Let q be t(-4). Suppose -a + 3*y + q = 0, 2*y - 92 + 26 = -2*a. List the prime factors of a.
37
Let z = -586 + 876. Suppose 9*f = 196 + z. What are the prime factors of f?
2, 3
Suppose 0 = 6*b - 1359 + 231. What are the prime factors of b?
2, 47
Suppose 3*p - 2*p + 2*v - 1323 = 0, -2*v + 10 = 0. List the prime factors of p.
13, 101
Suppose -14*y + 2*y + 576 = 0. What are the prime factors of (y - (0 - 0)) + (2 - -1)?
3, 17
Let t = 60 - -721. What are the prime factors of t?
11, 71
Let q be (-4)/10 - (-1 + (-3584)/35). Let r = q - -46. List the prime factors of r.
149
Let t(m) = m**3 - m**2 + m. Let h(l) = -4*l**3 - 3*l + 5. Let q(g) = h(g) + 3*t(g). List the prime factors of q(-5).
5, 11
Suppose -38 - 4 = -2*m. Suppose 3*c + 34 = v + 3*v, 2*c - 4*v = -20. Let o = c + m. List the prime factors of o.
7
Let f(p) = -3 - 3*p**2 - 4*p + 6*p + 6*p + 0*p - p**3. List the prime factors of f(-6).
3, 19
Let p = 9 + -3. Suppose -q + p*q = -15. List the prime factors of (q*104/(-6))/1.
2, 13
Suppose 3*l - 940 = -l + 4*x, 4*x + 1174 = 5*l. Suppose -2*m - 2*m = -3*k + l, -325 = -4*k + m. List the